{"id":98,"date":"2023-01-05T10:31:02","date_gmt":"2023-01-05T09:31:02","guid":{"rendered":"https:\/\/www.deintraumauto.at\/home\/?page_id=98"},"modified":"2023-01-05T10:31:38","modified_gmt":"2023-01-05T09:31:38","slug":"agb","status":"publish","type":"page","link":"https:\/\/www.deintraumauto.at\/home\/agb\/","title":{"rendered":"AGB"},"content":{"rendered":"\t\t<div data-elementor-type=\"wp-page\" data-elementor-id=\"98\" class=\"elementor elementor-98\">\n\t\t\t\t\t\t<section class=\"elementor-section elementor-top-section elementor-element elementor-element-95f2a2d elementor-section-boxed elementor-section-height-default elementor-section-height-default\" data-id=\"95f2a2d\" data-element_type=\"section\">\n\t\t\t\t\t\t<div class=\"elementor-container elementor-column-gap-default\">\n\t\t\t\t\t<div class=\"elementor-column elementor-col-100 elementor-top-column elementor-element elementor-element-8b159d8\" data-id=\"8b159d8\" data-element_type=\"column\">\n\t\t\t<div class=\"elementor-widget-wrap elementor-element-populated\">\n\t\t\t\t\t\t<div class=\"elementor-element elementor-element-bb3e338 elementor-widget elementor-widget-heading\" data-id=\"bb3e338\" data-element_type=\"widget\" data-widget_type=\"heading.default\">\n\t\t\t\t<div class=\"elementor-widget-container\">\n\t\t\t<style>\/*! elementor - v3.21.0 - 15-04-2024 *\/\n.elementor-heading-title{padding:0;margin:0;line-height:1}.elementor-widget-heading .elementor-heading-title[class*=elementor-size-]>a{color:inherit;font-size:inherit;line-height:inherit}.elementor-widget-heading .elementor-heading-title.elementor-size-small{font-size:15px}.elementor-widget-heading .elementor-heading-title.elementor-size-medium{font-size:19px}.elementor-widget-heading .elementor-heading-title.elementor-size-large{font-size:29px}.elementor-widget-heading .elementor-heading-title.elementor-size-xl{font-size:39px}.elementor-widget-heading .elementor-heading-title.elementor-size-xxl{font-size:59px}<\/style><h2 class=\"elementor-heading-title elementor-size-default\">AGB<\/h2>\t\t<\/div>\n\t\t\t\t<\/div>\n\t\t\t\t<div class=\"elementor-element elementor-element-5622961 elementor-widget elementor-widget-text-editor\" data-id=\"5622961\" data-element_type=\"widget\" data-widget_type=\"text-editor.default\">\n\t\t\t\t<div class=\"elementor-widget-container\">\n\t\t\t<style>\/*! elementor - v3.21.0 - 15-04-2024 *\/\n.elementor-widget-text-editor.elementor-drop-cap-view-stacked .elementor-drop-cap{background-color:#69727d;color:#fff}.elementor-widget-text-editor.elementor-drop-cap-view-framed .elementor-drop-cap{color:#69727d;border:3px solid;background-color:transparent}.elementor-widget-text-editor:not(.elementor-drop-cap-view-default) .elementor-drop-cap{margin-top:8px}.elementor-widget-text-editor:not(.elementor-drop-cap-view-default) .elementor-drop-cap-letter{width:1em;height:1em}.elementor-widget-text-editor .elementor-drop-cap{float:left;text-align:center;line-height:1;font-size:50px}.elementor-widget-text-editor .elementor-drop-cap-letter{display:inline-block}<\/style>\t\t\t\t<h5>PS Traumauto GmbH<\/h5><ol><li>Gew\u00e4hrleistung<\/li><\/ol><p>Der Verk\u00e4ufer hat fu\u0308r M\u00e4ngel, die bei \u00dcbergabe vorhanden sind, einzustehen. Wenn der Mangel innerhalb von 1 Jahr nach der \u00dcbergabe hervorkommt, wird vermutet, dass er bei \u00dcbergabe vorhanden war. Fu\u0308r sp\u00e4ter hervorgekommene M\u00e4ngel trifft den K\u00e4ufer die Beweislast.<\/p><ol><li>Garantie<\/li><\/ol><p>Eine freiwillige Garantiezusage darf die Gew\u00e4hrleistungspflicht des Verk\u00e4ufers nicht einschr\u00e4nken und muss Namen und Anschrift des Garantiegebers, Inhalt, Dauer sowie r\u00e4umliche Geltung enthalten. Gehen aus der Erkl\u00e4rung die garantierten Eigenschaften nicht hervor, so haftet der Garantiegeber dafu\u0308r, dass das Fahrzeug die gew\u00f6hnlichen vorausgesetzten Eigenschaften hat.<\/p><p>III. Erfu\u0308llung<\/p><ol><li>Der K\u00e4ufer hat den Kaufvertrag erst dann erfu\u0308llt, wenn der Kaufpreis samt allen aus dem Kaufvertrag ersichtlichen Nebenspesen beim Verk\u00e4ufer eingegangen ist.<\/li><li>Im Falle des Zahlungsverzuges gelten Verzugszinsen in der H\u00f6he von 5 (fu\u0308nf) Prozent u\u0308ber dem Basissatz der \u00d6sterreichischen Nationalbank als vereinbart.<\/li><li>Der Verk\u00e4ufer hat den Vertrag erfu\u0308llt, wenn er das Fahrzeug am Erfu\u0308llungsort ver- einbarungsgem\u00e4\u00df zur Abholung bereitgestellt und den K\u00e4ufer hievon nachweis- lich verst\u00e4ndigt hat, jedenfalls aber, wenn der K\u00e4ufer das Fahrzeug u\u0308bernommen hat. Die Abholfrist betr\u00e4gt 2 (zwei) Wochen ab der Verst\u00e4ndigung des K\u00e4ufers.<\/li><li>Wird das Fahrzeug versp\u00e4tet u\u0308bernommen, ist der Verk\u00e4ufer berechtigt, eine angemessene Standgebu\u0308hr zu verrechnen, deren H\u00f6he dem K\u00e4ufer bei Ablauf der Abholfrist zur Kenntnis zu bringen ist.<\/li><li>Eigentumsvorbehalt<\/li><li>Wird das Fahrzeug vor vollst\u00e4ndiger Bezahlung des Kaufpreises an den K\u00e4ufer ausgefolgt, bleibt es bis zur vollst\u00e4ndigen Bezahlung des gesamten Kaufpreises samt Nebenspesen im Eigentum des Verk\u00e4ufers.<\/li><li>Wird von einem Dritten auf das unter Eigentumsvorbehalt ausgefolgte Fahrzeug gegriffen, hat der K\u00e4ufer den Vorbehaltseigentu\u0308mer unverzu\u0308glich zu verst\u00e4ndigen.<\/li><li>Vertragsstrafe<\/li><li>Kommt ein Teil mit der Erfu\u0308llung des Vertrages in Verzug, ist der andere Teil<\/li><\/ol><p>berechtigt, unter Setzung einer Nachfrist von 2 (zwei) Wochen vom Vertrag zuru\u0308ckzutreten. Sofern der Verzug vors\u00e4tzlich oder fahrl\u00e4ssig erfolgt ist, kann ein pauschalierter Schadenersatz in der H\u00f6he von 10 (zehn) Prozent des Kauf-<\/p><p>preises verlangt werden. Verbraucher sind berechtigt, zus\u00e4tzlichen Schadener-<\/p><p>satz zu verlangen, sofern der tats\u00e4chliche Schaden 10 % des Kaufpreises u\u0308bersteigt.<\/p><ol start=\"2\"><li>Tritt ein Teil vor \u00dcbergabe des Fahrzeuges unberechtigt vom Vertrag zuru\u0308ck, ist der andere Teil berechtigt, im Fall des Verschuldens einen pauschalierten Schadenersatz in der H\u00f6he von 10 (zehn) Prozent des Kaufpreises zu verlangen. Verbraucher sind berechtigt, zus\u00e4tzlichen Schadenersatz zu verlangen, sofern der tats\u00e4chliche Schaden 10 % des Kaufpreises u\u0308bersteigt.<\/li><li>Ankaufsu\u0308berpru\u0308fung<\/li><\/ol><p>Wird das rechtswirksame Zustandekommen des Vertrages von einer Ankaufsu\u0308berpru\u0308fung abh\u00e4ngig gemacht, kann diese der K\u00e4ufer mangels besonderer Vereinbarung bis zur \u00dcbernahme des Fahrzeuges \u2013 l\u00e4ngstens jedoch bis zur beh\u00f6rdlichen Zulassung \u2013 bei einem Autofahrerclub, einem unabh\u00e4ngigen Sachverst\u00e4ndigen oder einer neutralen Fachwerkst\u00e4tte durchfu\u0308hren lassen. Weicht das Ergebnis dieser \u00dcberpru\u0308fung nicht blo\u00df in unerheblichem Umfang vom vertraglich vereinbarten Zustand lt. Bewertungstabelle ab, ist jeder Vertragsteil berechtigt, den Vertrag fu\u0308r gegenstandslos zu erkl\u00e4ren.<\/p>\t\t\t\t\t\t<\/div>\n\t\t\t\t<\/div>\n\t\t\t\t\t<\/div>\n\t\t<\/div>\n\t\t\t\t\t<\/div>\n\t\t<\/section>\n\t\t\t\t<\/div>\n\t\t","protected":false},"excerpt":{"rendered":"<p>AGB PS Traumauto GmbH Gew\u00e4hrleistung Der Verk\u00e4ufer hat fu\u0308r M\u00e4ngel, die bei \u00dcbergabe vorhanden sind, einzustehen. Wenn der Mangel innerhalb von 1 Jahr nach der \u00dcbergabe hervorkommt, wird vermutet, dass er bei \u00dcbergabe vorhanden war. Fu\u0308r sp\u00e4ter hervorgekommene M\u00e4ngel trifft den K\u00e4ufer die Beweislast. Garantie Eine freiwillige Garantiezusage darf die Gew\u00e4hrleistungspflicht des Verk\u00e4ufers nicht einschr\u00e4nken [&hellip;]<\/p>\n","protected":false},"author":1,"featured_media":0,"parent":0,"menu_order":0,"comment_status":"closed","ping_status":"closed","template":"elementor_header_footer","meta":{"_monsterinsights_skip_tracking":false,"_monsterinsights_sitenote_active":false,"_monsterinsights_sitenote_note":"","_monsterinsights_sitenote_category":0,"footnotes":""},"class_list":["post-98","page","type-page","status-publish","hentry"],"_links":{"self":[{"href":"https:\/\/www.deintraumauto.at\/home\/wp-json\/wp\/v2\/pages\/98","targetHints":{"allow":["GET"]}}],"collection":[{"href":"https:\/\/www.deintraumauto.at\/home\/wp-json\/wp\/v2\/pages"}],"about":[{"href":"https:\/\/www.deintraumauto.at\/home\/wp-json\/wp\/v2\/types\/page"}],"author":[{"embeddable":true,"href":"https:\/\/www.deintraumauto.at\/home\/wp-json\/wp\/v2\/users\/1"}],"replies":[{"embeddable":true,"href":"https:\/\/www.deintraumauto.at\/home\/wp-json\/wp\/v2\/comments?post=98"}],"version-history":[{"count":4,"href":"https:\/\/www.deintraumauto.at\/home\/wp-json\/wp\/v2\/pages\/98\/revisions"}],"predecessor-version":[{"id":102,"href":"https:\/\/www.deintraumauto.at\/home\/wp-json\/wp\/v2\/pages\/98\/revisions\/102"}],"wp:attachment":[{"href":"https:\/\/www.deintraumauto.at\/home\/wp-json\/wp\/v2\/media?parent=98"}],"curies":[{"name":"wp","href":"https:\/\/api.w.org\/{rel}","templated":true}]}}